and 6.
6
Suppose 304 = 2*y - y. Suppose -5*f + 0*j = 2*j, -4*f - 2*j - 2 = 0. Let g be 1/(f/y + 0). Calculate the highest common factor of g and 19.
19
Let i(l) = -l**3 + 6*l**2 - 2*l - 2. Let x be i(4). Calculate the greatest common divisor of 121 and x.
11
Let u(f) = -27*f + 43. Let w be u(-9). What is the greatest common factor of w and 26?
26
Suppose b = 3*b - 5*x + 8, 2*x - 5 = -b. What is the greatest common divisor of 25 and b?
1
Let m = -4 + -6. Let r be -105*(3 - (-34)/m). What is the highest common divisor of r and 6?
6
Let b = 92 - 65. What is the greatest common divisor of 108 and b?
27
Let m(w) = -w**3 - w**2 - w + 175. Let d be m(0). Suppose i - 75 = -2*i. What is the highest common divisor of i and d?
25
Suppose 0 = 4*q - q - 12. Suppose -r = c - 15, 0*r = -5*r + q*c + 93. What is the highest common factor of 17 and r?
17
Let i = -176 - -316. Calculate the greatest common factor of 20 and i.
20
Suppose -5*j + 4*y - 2*y = -110, 2*j - 28 = 4*y. Let h = -8 + 16. Calculate the highest common factor of j and h.
8
Let a(b) = 2*b**3 - b**2 + 3*b. Let y be a(3). Let l be (-2)/(-3 + 159/y). Calculate the highest common factor of 24 and l.
12
Suppose 4*x + 2*t - 6 = 3*x, -x + 3*t = -26. Let a be x/(6/3)*3. What is the greatest common divisor of a and 147?
21
Let i(r) be the second derivative of -47*r**3/6 + r**2 + 3*r. Let b be i(-3). What is the greatest common factor of b and 13?
13
Let t be ((-9)/4)/(6/(-16)). Suppose 20*g - 126 = 6*g. Calculate the greatest common divisor of t and g.
3
Let b(x) = 7*x - 1. Let p be b(1). What is the highest common divisor of 42 and p?
6
Let b = 27 + -11. What is the greatest common divisor of 64 and b?
16
Suppose -h - 2*i = 1 - 9, 0 = -2*h + i + 1. What is the greatest common factor of 16 and h?
2
Suppose x = -4*x - 565. Let o = -75 - x. Suppose 0 = 5*r - 2 - o. What is the highest common divisor of r and 20?
4
Let g = 29 + -16. Suppose -5*c + 12 + 33 = 0. Let r(d) = 13*d. Let q be r(c). What is the greatest common factor of g and q?
13
Suppose 107 = m + 17. Let k be 140/(-4)*(-96)/56. Calculate the highest common factor of m and k.
30
Suppose -5*n + 19 = -31. Calculate the highest common factor of 20 and n.
10
Let y = 18 - 3. Suppose y = v + 4*u, 5*v - v + 4*u = 120. Let q(m) = -3*m - 4. Let o be q(-6). Calculate the highest common divisor of v and o.
7
Let i(j) be the third derivative of -j**4/12 - 4*j**2. Let q be i(5). Let f = q + 38. Calculate the greatest common divisor of f and 14.
14
Suppose -2*z - f + 13 = 1, 4*z + 4*f - 32 = 0. What is the greatest common factor of 2 and z?
2
Let s be 8/10*630/9. Let w = 2 - -6. What is the greatest common divisor of s and w?
8
Suppose -7*n + 12 = -23. Calculate the greatest common factor of n and 45.
5
Let i = 10 + 1. Calculate the greatest common factor of 99 and i.
11
Let d = 4 - 6. Let c be (-46)/(-2)*d/(-2). Calculate the highest common factor of 46 and c.
23
Suppose -4*p - 96 = -p. Let h = p + 50. What is the greatest common factor of h and 45?
9
Suppose 2*x - 6 = -p + 15, 2*p - 18 = -2*x. What is the greatest common factor of x and 36?
12
Suppose 176 + 49 = 5*q. Let j = q - 31. Calculate the greatest common divisor of j and 14.
14
Let q(r) = 6*r**2 + 2 + r**2 - 1 - r - 3*r**2. Let w be q(1). Suppose -2*y + 2 = -w. Calculate the greatest common factor of 1 and y.
1
Let x be 2 - 10/3*-3. Let v be (16/20 - -4)*15. What is the highest common divisor of v and x?
12
Let o(y) = 2*y + 1. Suppose 1 - 7 = -3*b. Let i be o(b). Suppose 1 = -m + 2*j - 7, -i*m - 3*j + 25 = 0. Calculate the greatest common divisor of m and 4.
2
Suppose 13 + 9 = y. Let f = y + -10. Calculate the greatest common divisor of f and 36.
12
Let r(v) = v**3 + 7*v**2 - v - 5. Let o be r(-7). Suppose 166 = 4*a + 102. What is the greatest common factor of a and o?
2
Suppose -174 = 6*b - 300. Suppose -169 = -4*i - n, -4*i = -i - 5*n - 121. What is the greatest common divisor of b and i?
21
Let b be 2/4 + 745/10. Let m be (-2)/(5/(b/(-2))). Let d be (-6)/m - (-244)/10. Calculate the highest common divisor of d and 16.
8
Suppose q + 5*s = -2*q + 3, -s = 0. Suppose b - 51 = -4*r, 4*b + q = -3. What is the highest common divisor of r and 143?
13
Let z(d) = -d**2 - 5*d + 12. Let v be z(-6). Calculate the greatest common factor of 48 and v.
6
Suppose -3*u + 8 + 19 = 0. What is the highest common factor of 45 and u?
9
Suppose -4*u + 150 = u + 5*r, 2*u - 64 = -r. Calculate the greatest common divisor of u and 51.
17
Let s be 3/(-12)*46*-2. Calculate the greatest common factor of 23 and s.
23
Let j = -44 + 72. Suppose 0 = 4*q + 3*x + 67, 5*q + 3*x + 62 + 24 = 0. Let z = q + j. Calculate the greatest common factor of z and 3.
3
Suppose -7*p + 52 = -3*p. Suppose -y + p = -4*v + 5*v, -3*v + y = -19. What is the greatest common divisor of v and 16?
8
Let p(a) = -23*a**3 + a**2 + a. Let t be p(-1). What is the highest common divisor of t and 23?
23
Suppose -s = 4*v - 14, 0 = -5*s + 1 + 9. Suppose 0 = v*w - 2 - 4. What is the highest common divisor of 12 and w?
2
Let w(p) = p - 16. Let q be w(15). Let u be (31 + (0 - q))*4. What is the greatest common divisor of u and 16?
16
Let n(l) = 2*l**2 + 13*l - 8. Let b be n(-11). Calculate the highest common divisor of 13 and b.
13
Let h be -3 + (72/4)/2. Calculate the highest common divisor of 36 and h.
6
Let n(u) = u**2 - u - 4. Let c be n(3). Suppose c = 5*t - 3*t. What is the greatest common divisor of 10 and t?
1
Let z(l) = l - 5. Let h be z(7). Calculate the highest common divisor of h and 18.
2
Let b be (-6)/(-5)*((-855)/(-2))/19. Calculate the greatest common divisor of 189 and b.
27
Let v be 732/(5/((-10)/(-3))). Calculate the greatest common divisor of 61 and v.
61
Let p be (-1 - -19) + 0 - 0. Let a(r) = r**2 + 2*r - 3. Let j be a(-3). Suppose j = 2*t - p - 94. What is the highest common factor of 7 and t?
7
Suppose 121 = 4*k + 61. Calculate the greatest common divisor of 30 and k.
15
Suppose -19 = -3*r + 4*o, r - 5*r - 2*o = -18. Suppose p - 7 = 18. What is the greatest common factor of r and p?
5
Let d(n) = 7 - n + 2*n - 2*n. Let f be d(-7). Suppose -w - 4*b = 14 - 58, 68 = w - 4*b. Calculate the greatest common factor of f and w.
14
Let w(i) = i**3 + 8*i**2 + 3*i - 3. Let u be w(-7). Calculate the greatest common divisor of u and 50.
25
Let k be 9/21 - 2150/(-14). Calculate the greatest common factor of k and 14.
14
Suppose 2*f = 4*f - 10. Let w(y) = -y**2 + 4*y - 7. Let a be w(f). Let t be 79/6 + 2/a. Calculate the highest common factor of 13 and t.
13
Let r = 469 - 309. Let h be (16/(-3))/((-4)/24). Calculate the highest common factor of r and h.
32
Let c be 10/(-15) - 28/(-6). Suppose 0 = -z + c*s + 320, 918 = 3*z + s + s. Calculate the greatest common factor of 28 and z.
28
Let k be 4*5 + (0 - -1). Suppose -5*t - 4 = -529. What is the greatest common divisor of t and k?
21
Suppose -7*v + 50 = -5*v. Let j = 11 + -1. Calculate the highest common divisor of v and j.
5
Let r be 8 + -4 - (-1 + 2). Suppose 5*h - 99 = r*b, 0*b + 5*b = -15. Calculate the greatest common factor of h and 162.
18
Suppose 2*w - 12 - 2 = -t, 5*t = 10. Let n(u) = 67*u**3 - 2*u**2 + 2*u - 1. Let b be n(1). What is the highest common divisor of w and b?
6
Let l be 4/26 - (-300)/78. What is the greatest common factor of l and 10?
2
Let b(y) = -16*y**3 - 2*y**2 - 2*y - 1. Suppose -5*z = -4*p + 17, 3*p = 3*z + 7 + 5. Let s be b(z). Calculate the highest common divisor of 105 and s.
15
Suppose 4*k + 326 = 5*t, 2*t = 5*t + 2*k - 200. Calculate the highest common factor of t and 6.
6
Suppose 4*n - 72 = 2*n. Calculate the highest common divisor of 24 and n.
12
Let m be 306/10 - 20/(-50). Let k = 109 - m. Calculate the greatest common factor of k and 26.
26
Let z be (-8)/(-24) - (-8)/3. Suppose -s + 2*p + 1 = 0, -s + p = -z*p + 3. What is the highest common factor of 2 and s?
1
Let u(n) = 11*n. Let x be u(1). Let v = 1336 + -731. Suppose 0 = -9*i + 4*i + v. Calculate the highest common factor of i and x.
11
Let x be (-6)/15 - (-107)/5. What is the highest common factor of x and 7?
7
Let g be (1 - 37)*2/(-4). Let s = g + 10. Calculate the greatest common divisor of 7 and s.
7
Let v(q) = 13*q**2 + 1. Let c be v(1). Calculate the greatest common divisor of 7 and c.
7
Let n(x) = x**3 - 2*x**